0?
8
What is the hundred thousands digit of 21134076?
1
What is the thousands digit of 2171527622?
7
What is the hundred thousands digit of 50978037?
9
What is the hundred thousands digit of 57715018?
7
What is the units digit of 44140994?
4
What is the tens digit of 133112234?
3
What is the tens digit of 1996715490?
9
What is the ten thousands digit of 100696202?
9
What is the hundreds digit of 55482264?
2
What is the ten millions digit of 12427490?
1
What is the millions digit of 1373202100?
3
What is the tens digit of 67767735?
3
What is the hundred thousands digit of 79734909?
7
What is the hundred thousands digit of 84705204?
7
What is the units digit of 19230992?
2
What is the ten thousands digit of 103631291?
3
What is the hundreds digit of 60107634?
6
What is the units digit of 125997095?
5
What is the hundred thousands digit of 37572165?
5
What is the millions digit of 265012529?
5
What is the hundred thousands digit of 3193403286?
4
What is the tens digit of 1520596197?
9
What is the hundreds digit of 218180718?
7
What is the ten thousands digit of 99931553?
3
What is the tens digit of 14079803?
0
What is the hundred thousands digit of 16464780?
4
What is the hundred millions digit of 6820453720?
8
What is the tens digit of 73862982?
8
What is the ten millions digit of 182621450?
8
What is the tens digit of 1506061912?
1
What is the hundred millions digit of 220294671?
2
What is the ten thousands digit of 164905573?
0
What is the hundreds digit of 750565980?
9
What is the millions digit of 2114703075?
4
What is the millions digit of 12080344?
2
What is the units digit of 523389839?
9
What is the hundreds digit of 3522304624?
6
What is the tens digit of 33740464?
6
What is the hundred thousands digit of 433905535?
9
What is the ten millions digit of 1206676435?
0
What is the hundreds digit of 2446762?
7
What is the ten millions digit of 31716779?
3
What is the units digit of 21791548?
8
What is the hundred thousands digit of 2842873219?
8
What is the units digit of 92312978?
8
What is the ten millions digit of 234256733?
3
What is the thousands digit of 3821088494?
8
What is the units digit of 240367899?
9
What is the thousands digit of 90575316?
5
What is the hundred thousands digit of 54373846?
3
What is the hundred thousands digit of 304397632?
3
What is the thousands digit of 173546301?
6
What is the ten millions digit of 108726686?
0
What is the hundreds digit of 54559432?
4
What is the thousands digit of 1344983739?
3
What is the hundred thousands digit of 22136376?
1
What is the ten millions digit of 136215088?
3
What is the thousands digit of 1882536350?
6
What is the ten millions digit of 2849787738?
4
What is the tens digit of 61041499?
9
What is the billions digit of 1378791469?
1
What is the hundred millions digit of 697739062?
6
What is the hundred thousands digit of 342355558?
3
What is the thousands digit of 3632879088?
9
What is the hundred millions digit of 122216639?
1
What is the units digit of 144257225?
5
What is the hundred millions digit of 124409068?
1
What is the hundred thousands digit of 595567043?
5
What is the units digit of 184377758?
8
What is the thousands digit of 1668590975?
0
What is the hundreds digit of 787100112?
1
What is the hundreds digit of 455195575?
5
What is the units digit of 85051483?
3
What is the ten thousands digit of 1004395059?
9
What is the millions digit of 1085262556?
5
What is the ten millions digit of 100961065?
0
What is the hundred thousands digit of 1252183366?
1
What is the ten millions digit of 391339063?
9
What is the thousands digit of 94210456?
0
What is the ten thousands digit of 26578487?
7
What is the ten thousands digit of 35574704?
7
What is the ten thousands digit of 37059415?
5
What is the tens digit of 2875163159?
5
What is the units digit of 228240300?
0
What is the ten thousands digit of 185396248?
9
What is the hundreds digit of 42222797?
7
What is the ten thousands digit of 54577710?
7
What is the thousands digit of 879665725?
5
What is the tens digit of 88504751?
5
What is the tens digit of 5554492808?
0
What is the hundreds digit of 15694540?
5
What is the tens digit of 32298349?
4
What is the ten millions digit of 1090791645?
9
What is the thousands digit of 52260338?
0
What is the millions digit of 224525785?
4
What is the tens digit of 109529881?
8
What is the ten thousands digit of 40668963?
6
What is the hundreds digit of 558089433?
4
What is the millions digit of 509325305?
9
What is the ten thousands digit of 46165185?
6
What is the hundred thousands digit of 4222513881?
5
What is the hundred thousands digit of 3768306086?
3
What is the hundred thousands digit of 71163626?
1
What is the hundred millions digit of 650682400?
6
What is the thousands digit of 332910120?
0
What is the hundreds digit of 179290837?
8
What is the tens digit of 151759086?
8
What is the hundred thousands digit of 672941702?
9
What is the tens digit of 108149364?
6
What is the ten thousands digit of 61050378?
5
What is the hundred millions digit of 154019472?
1
What is the millions digit of 42468340?
2
What is the hundred millions digit of 171375207?
1
What is the units digit of 692357330?
0
What is the hundred thousands digit of 2803920623?
9
What is the hundred millions digit of 114597417?
1
What is the hundred millions digit of 143132663?
1
What is the thousands digit of 13893503?
3
What is the millions digit of 4916890?
4
What is the thousands digit of 12264961?
4
What is the thousands digit of 58224593?
4
What is the hundred thousands digit of 2435071463?
0
What is the tens digit of 1462291777?
7
What is the hundred thousands digit of 29504220?
5
What is the hundred thousands digit of 992834069?
8
What is the units digit of 499189813?
3
What is the ten millions digit of 208643247?
0
What is the tens digit of 100115147?
4
What is the hundreds digit of 878568378?
3
What is the ten millions digit of 48542084?
4
What is the hundred thousands digit of 899736496?
7
What is the hundred thousands digit of 1960433065?
4
What is the ten thousands digit of 108396613?
9
What is the hundred millions digit of 1671417062?
6
What is the ten millions digit of 245609000?
4
What is the millions digit of 88134318?
8
What is the billions digit of 1482056980?
1
What is the units digit of 22503243?
3
What is the units digit of 572988230?
0
What is the thousands digit of 167813949?
3
What is the hundred millions digit of 2947739202?
9
What is the ten thousands digit of 58020985?
2
What is the units digit of 25369488?
8
What is the millions digit of 1873737022?
3
What is the ten millions digit of 168752535?
6
What is the hundreds digit of 3585761087?
0
What is the hundreds digit of 75971897?
8
What is the hundred thousands digit of 90313629?
3
What is the millions digit of 431112332?
1
What is the hundred millions digit of 4258254670?
2
What is the ten millions digit of 3240327417?
4
What is the hundreds digit of 2569828330?
3
What is the hundreds digit of 25643966?
9
What is the billions digit of 2949707810?
2
What is the hundred thousands digit of 306386546?
3
What is the units digit of 5407532181?
1
What is the millions digit of 345023609?
5
What is the ten thousands digit of 958874096?
7
What is the hundred millions digit of 226935518?
2
What is the hundred millions digit of 1102223195?
1
What is the units digit of 145680931?
1
What is the millions digit of 124851789?
4
What is the millions digit of 801686877?
1
What is the hundred thousands digit of 1056288124?
2
What is the hundreds digit of 1239967162?
1
What is the billions digit of 1111619621?
1
What is the ten millions digit of 548826279?
4
What is the millions digit of 189796255?
9
What is the tens digit of 501026663?
6
What is the tens digit of 43221736?
3
What is the tens digit of 60545688?
8
What is the hundred millions digit of 114671906?
1
What is the ten millions digit of 516057096?
1
What is the ten millions digit of 3322495421?
2
What is the hundred millions digit of 913982847?
9
What is the hundred thousands digit of 132103692?
1
What is the billions digit of 4253100475?
4
What is the ten millions digit of 168946269?
6
What is the ten millions digit of 4091286598?
9
What is the hundred thousands digit of 29180124?
1
What i